a) = 19*a - 8. What are the prime factors of m(d)?
2, 17
Let c(t) = -4609*t - 675. What are the prime factors of c(-2)?
8543
Let t(f) = f - 5. Let r be t(11). Let l be ((-24)/(-16))/(r/2600). Suppose 5*j = -b + l, -b - 650 = -5*j - 3*b. What are the prime factors of j?
2, 5, 13
Suppose 1 + 1 = -l, 0 = -m - 5*l - 8. Suppose 0*c - 5*n + 543 = 2*c, -m*n + 809 = 3*c. List the prime factors of c.
269
Let b(k) = 1234*k**2 - 9*k - 10. Let o be b(-1). Let c = 251 + o. List the prime factors of c.
2, 7, 53
Let y = -13339 + 29644. What are the prime factors of y?
3, 5, 1087
Let f = -1760 + 1168. Let d = -32 + -254. Let k = d - f. What are the prime factors of k?
2, 3, 17
What are the prime factors of (1145/10 + (12 - 21))*1254/3?
11, 19, 211
Let g(o) = 66*o**2 - 68*o - 321. List the prime factors of g(-9).
3, 1879
Let d(q) = 5211*q**3 - 3*q**2 + 7*q - 4. What are the prime factors of d(1)?
3, 193
Let f = 1619 - 1619. Let y(u) = u + 16. Let c be y(0). Suppose f = i + q - c, 5*i - 3*q - 35 = 13. List the prime factors of i.
2, 3
Let t(v) = -v**2 - 23*v - 24. Let n be t(-22). Let o(c) = 126*c**2 + 12*c + 15. List the prime factors of o(n).
3, 5, 11
Suppose 15*n + 16387 = 30207 + 26620. List the prime factors of n.
2, 337
Let t(p) = -5*p - 1. Let g be t(-1). Let l(f) = 87*f - 517. Let k be l(6). Suppose 4*y = 3*h - 24, -k - g = 3*y. List the prime factors of h.
2
Let c = -592 + 2661. Suppose 2*v + 4*l - c = -217, 3*v - 4*l = 2738. What are the prime factors of v?
2, 3, 17
Suppose -1726 = -5*k + 4*g, 3*k = 5*g - 6*g + 1039. Suppose 1147 = 3*h + k. What are the prime factors of h?
3, 89
Let y = 129830 + -47782. What are the prime factors of y?
2, 641
Suppose 82 = -5*r + 12. Let i = 12 - r. Suppose 41 = 5*m - d + 7, m - i = 5*d. List the prime factors of m.
2, 3
Let j(b) = 425*b + 106. Let g be j(11). Suppose -419*m + 426*m - g = 0. List the prime factors of m.
683
Let a(i) = 160*i + 2. Let h = 28 + -31. Let x(w) = -80*w - 1. Let n(l) = h*a(l) - 5*x(l). What are the prime factors of n(-1)?
79
Suppose 0 = -28*z - 203 - 245. What are the prime factors of (-4544)/(-88) + z/(-44)?
2, 13
Suppose -88*q = 76*q - 44*q - 486360. What are the prime factors of q?
3, 7, 193
Suppose -l - 72042 = 187*m - 189*m, 144078 = 4*m - l. List the prime factors of m.
2, 3, 23, 29
Let r = 921 - 149. Let g = -371 + r. List the prime factors of g.
401
Let a = -1322 - -10195. What are the prime factors of a?
19, 467
Let s be (38/(-14) + 1)*63/(-18). Let u be 0 + 1 + (s - (-3 + 7)). Let z(l) = 5*l**3 + l**2 - l + 11. What are the prime factors of z(u)?
2, 19
Let x = -441 + 1843. Let r = x + -911. What are the prime factors of r?
491
Let c(r) = 275*r**2 - 22*r + 93. List the prime factors of c(4).
5, 881
Suppose 2*z = -5*a - 165, -40 = 3*z - 5*a + 145. List the prime factors of (-230)/(-4)*(-308)/z.
11, 23
Suppose 3*j = -3*k + 57072, 911*j - 57076 = -3*k + 910*j. List the prime factors of k.
2, 3, 7, 151
Let c(a) = -a**3 + 14*a**2 - 9*a - 26. Let h be c(7). Let q = h - 7. What are the prime factors of q?
13, 19
Let x(t) = 13*t**2 - 1. Let f(s) = -2*s**2 - 4*s - 2. Let j be f(-2). What are the prime factors of x(j)?
3, 17
Let k = -7052 - -19387. List the prime factors of k.
5, 2467
Let b = 4927 - 3034. Suppose 0 = -3*y + 5*t + b - 59, -4*y + 2449 = -3*t. What are the prime factors of y?
613
Suppose 4*s = 2*s + 1010. Let n(v) = -3*v - 8. Let p be n(-4). Suppose 0 = 5*a + 4*o - s, p*a = a + 4*o + 335. What are the prime factors of a?
3, 5, 7
Suppose 29*a + 259847 = 5*v, 156009 = 29*v - 26*v - 3*a. What are the prime factors of v?
2, 5, 7, 743
What are the prime factors of (7464/7)/((-50)/(-175))?
2, 3, 311
Let m = -10 - -9. Let y = 132 - 114. What are the prime factors of (-22)/y - m - (-875)/9?
97
Suppose 7*r + 226 = 3*l + 3*r, 5*r = -2*l + 120. What are the prime factors of l?
2, 5, 7
List the prime factors of 1 + 3567 - ((-18)/(-1) - 18).
2, 223
Let b(s) = 25*s + 18*s + 12*s + 52 - 4*s - 6*s. What are the prime factors of b(12)?
2, 37
Suppose -o - g + 6*g + 2438 = 0, 3*g = 0. List the prime factors of o.
2, 23, 53
Suppose -6*k = -6 - 12. Suppose -4*u + 1071 = k*n, 0 = -n - 5*u + 349 + 19. What are the prime factors of n?
353
Suppose b - 5*i = 5*b + 69, 78 = -3*b + 5*i. Let g(z) = -z + 8. Let c be g(b). Suppose 0 = -n - c + 196. What are the prime factors of n?
167
Let r be 2/(2 + (3 - (-39)/(-9))). Suppose 5*h + r*f = -14, -f = 5*h - 2*f + 22. List the prime factors of h/2 - 152/(-2).
2, 37
Let f(n) = -526*n + 2. Let t be f(-1). Suppose -t = -5*a + 612. What are the prime factors of a?
2, 3, 19
Suppose -2 = m, 5*l - m - 13643 = 14249. List the prime factors of l.
2, 2789
Let i(u) = -255*u - 5296. What are the prime factors of i(-141)?
23, 31, 43
Let c be (-156)/4 - (-1 - -7). Let u = c - -232. List the prime factors of u.
11, 17
Let o(t) = 11*t + 4 + 33*t**2 - 31*t**2 + 3. Let r be o(-5). List the prime factors of (1/r)/(3/(656 + 4)).
2, 5, 11
Let t(b) = b**2 - 6*b + 6. Let p be t(1). Let w be -7 + 4 + -7*(0 - p). Suppose 0*s + 404 = w*s. What are the prime factors of s?
101
Suppose 0 = -81*q + 82*q - 2*j - 16121, 0 = -5*q + 5*j + 80620. List the prime factors of q.
16127
Suppose -42*i = -47*i - 2*j - 36, -j = 5*i + 38. List the prime factors of (i/12)/(9/((-51705)/10)).
383
Suppose 0 = -8*x + 467 + 69. Suppose -2*c = -0*c - 174. Suppose 0 = -y - 0*y + 5*m + x, -5*m + c = y. What are the prime factors of y?
7, 11
Let r be (-2 - 5) + 13210/10. Suppose 1310*m + 6056 = r*m. What are the prime factors of m?
2, 757
Suppose 4*r - 4*s = -r + 19, -3*r = 3*s - 6. Suppose -d - r = -7. Suppose 6*l - 80 = d*l. What are the prime factors of l?
2, 5
Suppose -5*b + 30 = 5*m, -m = -6*b + 5*b - 10. Suppose 0 = 2*o - 6*o - m. List the prime factors of 31 + 3 + o/(-2).
5, 7
Let o(r) = -2*r - 2. Let j be o(-3). Suppose -c = j*q - 16, c = q - 2*c - 4. What are the prime factors of (-1)/(q/(-31 + -1))?
2
Suppose -4*q + 5*k + 153844 - 24228 = 0, -4*q = 4*k - 129616. List the prime factors of q.
2, 8101
Let u(j) = j**3 + 6*j**2 - j - 4. Let k(q) = -2*q - 22. Let r be k(-8). Let p be u(r). List the prime factors of -10*(-5)/(3 + p).
2, 5
Suppose -h - 160 = -2*b + h, -5*b - 4*h = -355. Suppose 2*q = -3*q + b. Suppose 4*d - 2*d + 25 = 3*n, 0 = n + 4*d + q. List the prime factors of n.
5
Let c(s) = -112*s + 1869. What are the prime factors of c(-69)?
3, 7, 457
Let y(p) = 6*p**2 - 65. Suppose 31*u + 377 + 119 = 0. List the prime factors of y(u).
1471
Let j(c) = -148*c - 1597. List the prime factors of j(-55).
3, 727
What are the prime factors of 0 + ((-9)/(405/(-877105)) - (-6)/(-27))?
3, 73, 89
Let s be ((-6)/6)/((-2)/8). Let u be ((-24)/(-36))/(4/(-6))*s. Let y(r) = r**3 + 5*r**2 + 4*r + 4. List the prime factors of y(u).
2
Let i = 11 - 6. Let r = i - -22. Let n = r - 9. List the prime factors of n.
2, 3
Suppose -30 = -15*s + 12*s. Suppose 0 = -12*d + 17*d - s. Suppose -3*y - 9*g = -6*g - 231, -d*y = g - 159. What are the prime factors of y?
2, 41
Let n = 1707 - 781. Let b = n - -254. What are the prime factors of b?
2, 5, 59
Let r(c) = 181*c**2 - 512*c + 36. What are the prime factors of r(8)?
2, 3, 11, 19
Let m = 240 - 366. What are the prime factors of 0 - (m/12)/((-9)/(-168))?
2, 7
Suppose 52*i - 9*i - 233748 = 0. List the prime factors of i.
2, 3, 151
Let j(b) = 150*b**2 + 6*b - 21. Let m be j(6). Suppose m = -13*x + 29049. List the prime factors of x.
2, 3, 101
Let q(l) = -381*l**3 + l - 30. List the prime factors of q(-3).
2, 3, 1709
Let d(o) = -o**2 + 82*o + 1013. List the prime factors of d(82).
1013
Suppose 0 = -3*g - 5 + 44. Suppose 0 = -g*f - 2*f - 2280. List the prime factors of (4 - 3) + -3 - 0 - f.
2, 3, 5
Suppose -2*v = -5*t - 31, -v + 4*v - 2*t = 41. Let c(y) = -3 + 7*y + 4 + y**3 + v*y**2 - 5. List the prime factors of c(-12).
2, 7
Let l be 2/4*4 - 5. Let k(p) = -3*p + 7. Let y(h) = 2*h - 8. Let n(b) = l*k(b) - 4*y(b). List the prime factors of n(-6).
5
Suppose -166*a - 66150 + 596354 = 0. List the prime factors of a.
2, 1597
Let h(l) = -240*l + 1301. List the prime factors of h(-25).
7, 149
Let k(i) = 251*i**3 - 3*i**2 + 2. Suppose -8*c = -10*c + 2. List the prime factors of k(c).
2, 5
Suppose 0 = 5*y + 5*i + 7 + 3, -y + i - 4 = 0. Let l(d) = -48*d. Let w(u) = u - 1. Let v(b) = l(b) + 3*w(b).